{"id":251,"date":"2022-05-24T09:24:23","date_gmt":"2022-05-24T09:24:23","guid":{"rendered":"http:\/\/jmem-holstein.de\/startseite\/?page_id=251"},"modified":"2022-06-10T21:30:14","modified_gmt":"2022-06-10T21:30:14","slug":"kontakt","status":"publish","type":"page","link":"https:\/\/jmem-holstein.de\/startseite\/kontakt\/","title":{"rendered":"Kontakt"},"content":{"rendered":"\n<p><strong>Jugend mit einer Mission &#8211; Oldenburg in Holstein e.V.<\/strong><br>Pl\u00fcgge 9a<br>23785 G\u00f6hl<\/p>\n\n\n\n<p>Telefon: 04361 &#8211; 1839925<br>Mail: info@jmem-holstein.de<\/p>\n\n\n\n<p><\/p>\n\n\n\n<h2 class=\"wp-block-heading\">Eine Nachricht schicken<\/h2>\n\n\n<div class=\"wpforms-container wpforms-container-full wpforms-block\" id=\"wpforms-33\"><form id=\"wpforms-form-33\" class=\"wpforms-validate wpforms-form wpforms-ajax-form\" data-formid=\"33\" method=\"post\" enctype=\"multipart\/form-data\" action=\"\/startseite\/wp-json\/wp\/v2\/pages\/251\" data-token=\"70100adade3a0f44e9581a76a15aaad8\" data-token-time=\"1775886013\"><noscript class=\"wpforms-error-noscript\">Bitte aktiviere JavaScript in deinem Browser, um dieses Formular fertigzustellen.<\/noscript><div class=\"wpforms-field-container\"><div id=\"wpforms-33-field_3-container\" class=\"wpforms-field wpforms-field-name\" data-field-id=\"3\"><label class=\"wpforms-field-label\">Name <span class=\"wpforms-required-label\">*<\/span><\/label><div class=\"wpforms-field-row wpforms-field-medium\"><div class=\"wpforms-field-row-block wpforms-first wpforms-one-half\"><input type=\"text\" id=\"wpforms-33-field_3\" class=\"wpforms-field-name-first wpforms-field-required\" name=\"wpforms[fields][3][first]\" required><label for=\"wpforms-33-field_3\" class=\"wpforms-field-sublabel after\">Vorname<\/label><\/div><div class=\"wpforms-field-row-block wpforms-one-half\"><input type=\"text\" id=\"wpforms-33-field_3-last\" class=\"wpforms-field-name-last wpforms-field-required\" name=\"wpforms[fields][3][last]\" required><label for=\"wpforms-33-field_3-last\" class=\"wpforms-field-sublabel after\">Nachname<\/label><\/div><\/div><\/div><div id=\"wpforms-33-field_4-container\" class=\"wpforms-field wpforms-field-email\" data-field-id=\"4\"><label class=\"wpforms-field-label\" for=\"wpforms-33-field_4\">E-Mail <span class=\"wpforms-required-label\">*<\/span><\/label><input type=\"email\" id=\"wpforms-33-field_4\" class=\"wpforms-field-medium wpforms-field-required\" name=\"wpforms[fields][4]\" spellcheck=\"false\" required><\/div><div id=\"wpforms-33-field_5-container\" class=\"wpforms-field wpforms-field-textarea\" data-field-id=\"5\"><label class=\"wpforms-field-label\" for=\"wpforms-33-field_5\">Ihre Nachricht <span class=\"wpforms-required-label\">*<\/span><\/label><textarea id=\"wpforms-33-field_5\" class=\"wpforms-field-medium wpforms-field-required\" name=\"wpforms[fields][5]\" required><\/textarea><\/div><div id=\"wpforms-33-field_6-container\" class=\"wpforms-field wpforms-field-checkbox\" data-field-id=\"6\"><label class=\"wpforms-field-label\">Erkl\u00e4rung zum Datenschutz <span class=\"wpforms-required-label\">*<\/span><\/label><ul id=\"wpforms-33-field_6\" class=\"wpforms-field-required\"><li class=\"choice-1 depth-1\"><input type=\"checkbox\" id=\"wpforms-33-field_6_1\" name=\"wpforms[fields][6][]\" value=\"Ich stimme der Erhebung und Verwendung meiner pers\u00f6nlichen Daten zu.\" required ><label class=\"wpforms-field-label-inline\" for=\"wpforms-33-field_6_1\">Ich stimme der Erhebung und Verwendung meiner pers\u00f6nlichen Daten zu.<\/label><\/li><\/ul><div class=\"wpforms-field-description\">Jugend mit einer Mission  Oldenburg in Holstein e.V. nimmt den Schutz deiner pers\u00f6nlichen Daten ernst. Die hier gemachten Angaben werden f\u00fcr die Durchf\u00fchrung des oben genannten Angebots, sowie zur Kontaktaufnahme verwendet. Falls du deine pers\u00f6nlichen Daten l\u00f6schen lassen m\u00f6chtest, schreibe bitte an info@jmem-holstein.de\r\nWeitere Hinweise findest du in unserer Datenschutzerkl\u00e4rung.<\/div><\/div><\/div><!-- .wpforms-field-container --><div class=\"wpforms-submit-container\" ><input type=\"hidden\" name=\"wpforms[id]\" value=\"33\"><input type=\"hidden\" name=\"page_title\" value=\"\"><input type=\"hidden\" name=\"page_url\" value=\"https:\/\/jmem-holstein.de\/startseite\/wp-json\/wp\/v2\/pages\/251\"><input type=\"hidden\" name=\"url_referer\" value=\"\"><button type=\"submit\" name=\"wpforms[submit]\" id=\"wpforms-submit-33\" class=\"wpforms-submit\" data-alt-text=\"Senden...\" data-submit-text=\"Absenden\" aria-live=\"assertive\" value=\"wpforms-submit\">Absenden<\/button><img decoding=\"async\" src=\"https:\/\/jmem-holstein.de\/wp-content\/plugins\/wpforms-lite\/assets\/images\/submit-spin.svg\" class=\"wpforms-submit-spinner\" style=\"display: none;\" width=\"26\" height=\"26\" alt=\"Wird geladen\"><\/div><\/form><\/div>  <!-- .wpforms-container -->\n\n\n<h2 class=\"wp-block-heading\">Bankverbindung<\/h2>\n\n\n\n<p>JMEM Oldenburg in Holstein e. V. <br>IBAN DE23 2139 0008 0000 5247 35<br>BIC GENODEF1NSH<br>VR Bank Ostholstein Nord &#8211; Pl\u00f6n eG<br><br>Bitte bei Spenden deinen <strong>Namen und deine Anschrift<\/strong> (f\u00fcr die Zuwendungsbest\u00e4tigung) und den <strong>Verwendungszweck<\/strong> angeben!<\/p>\n","protected":false},"excerpt":{"rendered":"<p>Jugend mit einer Mission &#8211; Oldenburg in Holstein e.V.Pl\u00fcgge 9a23785 G\u00f6hl Telefon: 04361 &#8211; 1839925Mail: info@jmem-holstein.de Eine Nachricht schicken Bankverbindung<\/p>\n<p class=\"readmore\"><a href=\"https:\/\/jmem-holstein.de\/startseite\/kontakt\/\" title=\"Read Kontakt\">Read more &raquo;<\/a><\/p>\n","protected":false},"author":1,"featured_media":0,"parent":0,"menu_order":0,"comment_status":"closed","ping_status":"closed","template":"","meta":{"footnotes":""},"class_list":["post-251","page","type-page","status-publish","hentry"],"yoast_head":"<!-- This site is optimized with the Yoast SEO plugin v27.3 - https:\/\/yoast.com\/product\/yoast-seo-wordpress\/ -->\n<title>Kontakt - JMEM Oldenburg in Holstein<\/title>\n<meta name=\"robots\" content=\"index, follow, max-snippet:-1, max-image-preview:large, max-video-preview:-1\" \/>\n<link rel=\"canonical\" href=\"https:\/\/jmem-holstein.de\/startseite\/kontakt\/\" \/>\n<meta property=\"og:locale\" content=\"de_DE\" \/>\n<meta property=\"og:type\" content=\"article\" \/>\n<meta property=\"og:title\" content=\"Kontakt - JMEM Oldenburg in Holstein\" \/>\n<meta property=\"og:description\" content=\"Jugend mit einer Mission &#8211; Oldenburg in Holstein e.V.Pl\u00fcgge 9a23785 G\u00f6hl Telefon: 04361 &#8211; 1839925Mail: info@jmem-holstein.de Eine Nachricht schicken BankverbindungRead more &raquo;\" \/>\n<meta property=\"og:url\" content=\"https:\/\/jmem-holstein.de\/startseite\/kontakt\/\" \/>\n<meta property=\"og:site_name\" content=\"JMEM Oldenburg in Holstein\" \/>\n<meta property=\"article:modified_time\" content=\"2022-06-10T21:30:14+00:00\" \/>\n<meta name=\"twitter:card\" content=\"summary_large_image\" \/>\n<script type=\"application\/ld+json\" class=\"yoast-schema-graph\">{\"@context\":\"https:\\\/\\\/schema.org\",\"@graph\":[{\"@type\":\"WebPage\",\"@id\":\"https:\\\/\\\/jmem-holstein.de\\\/startseite\\\/kontakt\\\/\",\"url\":\"https:\\\/\\\/jmem-holstein.de\\\/startseite\\\/kontakt\\\/\",\"name\":\"Kontakt - JMEM Oldenburg in Holstein\",\"isPartOf\":{\"@id\":\"https:\\\/\\\/jmem-holstein.de\\\/startseite\\\/#website\"},\"datePublished\":\"2022-05-24T09:24:23+00:00\",\"dateModified\":\"2022-06-10T21:30:14+00:00\",\"breadcrumb\":{\"@id\":\"https:\\\/\\\/jmem-holstein.de\\\/startseite\\\/kontakt\\\/#breadcrumb\"},\"inLanguage\":\"de\",\"potentialAction\":[{\"@type\":\"ReadAction\",\"target\":[\"https:\\\/\\\/jmem-holstein.de\\\/startseite\\\/kontakt\\\/\"]}]},{\"@type\":\"BreadcrumbList\",\"@id\":\"https:\\\/\\\/jmem-holstein.de\\\/startseite\\\/kontakt\\\/#breadcrumb\",\"itemListElement\":[{\"@type\":\"ListItem\",\"position\":1,\"name\":\"Startseite\",\"item\":\"https:\\\/\\\/jmem-holstein.de\\\/startseite\\\/\"},{\"@type\":\"ListItem\",\"position\":2,\"name\":\"Kontakt\"}]},{\"@type\":\"WebSite\",\"@id\":\"https:\\\/\\\/jmem-holstein.de\\\/startseite\\\/#website\",\"url\":\"https:\\\/\\\/jmem-holstein.de\\\/startseite\\\/\",\"name\":\"JMEM Oldenburg in Holstein\",\"description\":\"Der JMEM Holstein Verein stellt sich vor und h\u00e4lt dich \u00fcber die Website \u00fcber alle Veranstaltungen auf dem Laufenden.\",\"publisher\":{\"@id\":\"https:\\\/\\\/jmem-holstein.de\\\/startseite\\\/#organization\"},\"potentialAction\":[{\"@type\":\"SearchAction\",\"target\":{\"@type\":\"EntryPoint\",\"urlTemplate\":\"https:\\\/\\\/jmem-holstein.de\\\/startseite\\\/?s={search_term_string}\"},\"query-input\":{\"@type\":\"PropertyValueSpecification\",\"valueRequired\":true,\"valueName\":\"search_term_string\"}}],\"inLanguage\":\"de\"},{\"@type\":\"Organization\",\"@id\":\"https:\\\/\\\/jmem-holstein.de\\\/startseite\\\/#organization\",\"name\":\"Jugend mit einer Mission Holstein in Oldenburg\",\"url\":\"https:\\\/\\\/jmem-holstein.de\\\/startseite\\\/\",\"logo\":{\"@type\":\"ImageObject\",\"inLanguage\":\"de\",\"@id\":\"https:\\\/\\\/jmem-holstein.de\\\/startseite\\\/#\\\/schema\\\/logo\\\/image\\\/\",\"url\":\"https:\\\/\\\/jmem-holstein.de\\\/wp-content\\\/uploads\\\/2022\\\/06\\\/JMEM_Holstein_Logo-2.png\",\"contentUrl\":\"https:\\\/\\\/jmem-holstein.de\\\/wp-content\\\/uploads\\\/2022\\\/06\\\/JMEM_Holstein_Logo-2.png\",\"width\":338,\"height\":103,\"caption\":\"Jugend mit einer Mission Holstein in Oldenburg\"},\"image\":{\"@id\":\"https:\\\/\\\/jmem-holstein.de\\\/startseite\\\/#\\\/schema\\\/logo\\\/image\\\/\"}}]}<\/script>\n<!-- \/ Yoast SEO plugin. -->","yoast_head_json":{"title":"Kontakt - JMEM Oldenburg in Holstein","robots":{"index":"index","follow":"follow","max-snippet":"max-snippet:-1","max-image-preview":"max-image-preview:large","max-video-preview":"max-video-preview:-1"},"canonical":"https:\/\/jmem-holstein.de\/startseite\/kontakt\/","og_locale":"de_DE","og_type":"article","og_title":"Kontakt - JMEM Oldenburg in Holstein","og_description":"Jugend mit einer Mission &#8211; Oldenburg in Holstein e.V.Pl\u00fcgge 9a23785 G\u00f6hl Telefon: 04361 &#8211; 1839925Mail: info@jmem-holstein.de Eine Nachricht schicken BankverbindungRead more &raquo;","og_url":"https:\/\/jmem-holstein.de\/startseite\/kontakt\/","og_site_name":"JMEM Oldenburg in Holstein","article_modified_time":"2022-06-10T21:30:14+00:00","twitter_card":"summary_large_image","schema":{"@context":"https:\/\/schema.org","@graph":[{"@type":"WebPage","@id":"https:\/\/jmem-holstein.de\/startseite\/kontakt\/","url":"https:\/\/jmem-holstein.de\/startseite\/kontakt\/","name":"Kontakt - JMEM Oldenburg in Holstein","isPartOf":{"@id":"https:\/\/jmem-holstein.de\/startseite\/#website"},"datePublished":"2022-05-24T09:24:23+00:00","dateModified":"2022-06-10T21:30:14+00:00","breadcrumb":{"@id":"https:\/\/jmem-holstein.de\/startseite\/kontakt\/#breadcrumb"},"inLanguage":"de","potentialAction":[{"@type":"ReadAction","target":["https:\/\/jmem-holstein.de\/startseite\/kontakt\/"]}]},{"@type":"BreadcrumbList","@id":"https:\/\/jmem-holstein.de\/startseite\/kontakt\/#breadcrumb","itemListElement":[{"@type":"ListItem","position":1,"name":"Startseite","item":"https:\/\/jmem-holstein.de\/startseite\/"},{"@type":"ListItem","position":2,"name":"Kontakt"}]},{"@type":"WebSite","@id":"https:\/\/jmem-holstein.de\/startseite\/#website","url":"https:\/\/jmem-holstein.de\/startseite\/","name":"JMEM Oldenburg in Holstein","description":"Der JMEM Holstein Verein stellt sich vor und h\u00e4lt dich \u00fcber die Website \u00fcber alle Veranstaltungen auf dem Laufenden.","publisher":{"@id":"https:\/\/jmem-holstein.de\/startseite\/#organization"},"potentialAction":[{"@type":"SearchAction","target":{"@type":"EntryPoint","urlTemplate":"https:\/\/jmem-holstein.de\/startseite\/?s={search_term_string}"},"query-input":{"@type":"PropertyValueSpecification","valueRequired":true,"valueName":"search_term_string"}}],"inLanguage":"de"},{"@type":"Organization","@id":"https:\/\/jmem-holstein.de\/startseite\/#organization","name":"Jugend mit einer Mission Holstein in Oldenburg","url":"https:\/\/jmem-holstein.de\/startseite\/","logo":{"@type":"ImageObject","inLanguage":"de","@id":"https:\/\/jmem-holstein.de\/startseite\/#\/schema\/logo\/image\/","url":"https:\/\/jmem-holstein.de\/wp-content\/uploads\/2022\/06\/JMEM_Holstein_Logo-2.png","contentUrl":"https:\/\/jmem-holstein.de\/wp-content\/uploads\/2022\/06\/JMEM_Holstein_Logo-2.png","width":338,"height":103,"caption":"Jugend mit einer Mission Holstein in Oldenburg"},"image":{"@id":"https:\/\/jmem-holstein.de\/startseite\/#\/schema\/logo\/image\/"}}]}},"_links":{"self":[{"href":"https:\/\/jmem-holstein.de\/startseite\/wp-json\/wp\/v2\/pages\/251","targetHints":{"allow":["GET"]}}],"collection":[{"href":"https:\/\/jmem-holstein.de\/startseite\/wp-json\/wp\/v2\/pages"}],"about":[{"href":"https:\/\/jmem-holstein.de\/startseite\/wp-json\/wp\/v2\/types\/page"}],"author":[{"embeddable":true,"href":"https:\/\/jmem-holstein.de\/startseite\/wp-json\/wp\/v2\/users\/1"}],"replies":[{"embeddable":true,"href":"https:\/\/jmem-holstein.de\/startseite\/wp-json\/wp\/v2\/comments?post=251"}],"version-history":[{"count":6,"href":"https:\/\/jmem-holstein.de\/startseite\/wp-json\/wp\/v2\/pages\/251\/revisions"}],"predecessor-version":[{"id":372,"href":"https:\/\/jmem-holstein.de\/startseite\/wp-json\/wp\/v2\/pages\/251\/revisions\/372"}],"wp:attachment":[{"href":"https:\/\/jmem-holstein.de\/startseite\/wp-json\/wp\/v2\/media?parent=251"}],"curies":[{"name":"wp","href":"https:\/\/api.w.org\/{rel}","templated":true}]}}