{"id":277,"date":"2022-05-24T10:33:23","date_gmt":"2022-05-24T10:33:23","guid":{"rendered":"http:\/\/jmem-holstein.de\/startseite\/?page_id=277"},"modified":"2022-06-10T21:30:10","modified_gmt":"2022-06-10T21:30:10","slug":"impressum","status":"publish","type":"page","link":"https:\/\/jmem-holstein.de\/startseite\/impressum\/","title":{"rendered":"Impressum"},"content":{"rendered":"\n<p>Verantwortlich f\u00fcr den Inhalt dieser Seite zeichnet der Vorstand des Vereins Jugend mit einer Mission &#8211; Oldenburg in Holstein e.V.<\/p>\n\n\n\n<p>Andreas Koesling, Carl Meyer, Britta Koesling<\/p>\n\n\n\n<p>\u00a9 Jugend mit einer Mission &#8211; Oldenburg in Holstein e.V. 2022<br><br>Jegliche Verwendung und Vervielf\u00e4ltigung der Inhalte dieser Website sind nur mit\u00a0 ausdr\u00fccklicher Genehmigung durch Jugend mit einer Mission &#8211; Oldenburg in Holstein e.V. erlaubt.<br><br>F\u00fcr die Resultate, die du nach der Benutzung von externen Links von dieser Seite aus auf deinem Bildschirm siehst, sind wir nicht unmittelbar verantwortlich. Deshalb distanzieren wir uns aus rechtlichen Gr\u00fcnden ausdr\u00fccklich von den Inhalten aller mit unserer Website verlinkten Seiten. Wir bem\u00fchen uns um sorgf\u00e4ltige Auswahl und Pr\u00fcfung der von uns geschalteten Links. Bitte kontaktiere bei Fragen oder Unklarheiten immer zuerst den Herausgeber der jeweiligen Internetseiten.<br><br>Jugend mit einer Mission &#8211; Oldenburg in Holstein e.V.<br>Pl\u00fcgge 9a<br>23785 G\u00f6hl<br><br>Eingetragen unter VR 4512 HL beim Vereinsregister des Amtsgericht L\u00fcbeck<\/p>\n\n\n\n<h1 class=\"wp-block-heading\">Bildnachweis<\/h1>\n\n\n\n<p>Diese Webseite verwendet Bilder folgender Anbieter:<\/p>\n\n\n\n<p>JMEM, privat<\/p>\n","protected":false},"excerpt":{"rendered":"<p>Verantwortlich f\u00fcr den Inhalt dieser Seite zeichnet der Vorstand des Vereins Jugend mit einer Mission &#8211; Oldenburg in Holstein e.V.<\/p>\n<p class=\"readmore\"><a href=\"https:\/\/jmem-holstein.de\/startseite\/impressum\/\" title=\"Read Impressum\">Read more &raquo;<\/a><\/p>\n","protected":false},"author":1,"featured_media":0,"parent":0,"menu_order":0,"comment_status":"closed","ping_status":"closed","template":"","meta":{"footnotes":""},"class_list":["post-277","page","type-page","status-publish","hentry"],"yoast_head":"<!-- This site is optimized with the Yoast SEO plugin v27.3 - https:\/\/yoast.com\/product\/yoast-seo-wordpress\/ -->\n<title>Impressum - JMEM Oldenburg in Holstein<\/title>\n<meta name=\"robots\" content=\"index, follow, max-snippet:-1, max-image-preview:large, max-video-preview:-1\" \/>\n<link rel=\"canonical\" href=\"https:\/\/jmem-holstein.de\/startseite\/impressum\/\" \/>\n<meta property=\"og:locale\" content=\"de_DE\" \/>\n<meta property=\"og:type\" content=\"article\" \/>\n<meta property=\"og:title\" content=\"Impressum - JMEM Oldenburg in Holstein\" \/>\n<meta property=\"og:description\" content=\"Verantwortlich f\u00fcr den Inhalt dieser Seite zeichnet der Vorstand des Vereins Jugend mit einer Mission &#8211; Oldenburg in Holstein e.V.Read more &raquo;\" \/>\n<meta property=\"og:url\" content=\"https:\/\/jmem-holstein.de\/startseite\/impressum\/\" \/>\n<meta property=\"og:site_name\" content=\"JMEM Oldenburg in Holstein\" \/>\n<meta property=\"article:modified_time\" content=\"2022-06-10T21:30:10+00:00\" \/>\n<meta name=\"twitter:card\" content=\"summary_large_image\" \/>\n<meta name=\"twitter:label1\" content=\"Gesch\u00e4tzte Lesezeit\" \/>\n\t<meta name=\"twitter:data1\" content=\"1\u00a0Minute\" \/>\n<script type=\"application\/ld+json\" class=\"yoast-schema-graph\">{\"@context\":\"https:\\\/\\\/schema.org\",\"@graph\":[{\"@type\":\"WebPage\",\"@id\":\"https:\\\/\\\/jmem-holstein.de\\\/startseite\\\/impressum\\\/\",\"url\":\"https:\\\/\\\/jmem-holstein.de\\\/startseite\\\/impressum\\\/\",\"name\":\"Impressum - JMEM Oldenburg in Holstein\",\"isPartOf\":{\"@id\":\"https:\\\/\\\/jmem-holstein.de\\\/startseite\\\/#website\"},\"datePublished\":\"2022-05-24T10:33:23+00:00\",\"dateModified\":\"2022-06-10T21:30:10+00:00\",\"breadcrumb\":{\"@id\":\"https:\\\/\\\/jmem-holstein.de\\\/startseite\\\/impressum\\\/#breadcrumb\"},\"inLanguage\":\"de\",\"potentialAction\":[{\"@type\":\"ReadAction\",\"target\":[\"https:\\\/\\\/jmem-holstein.de\\\/startseite\\\/impressum\\\/\"]}]},{\"@type\":\"BreadcrumbList\",\"@id\":\"https:\\\/\\\/jmem-holstein.de\\\/startseite\\\/impressum\\\/#breadcrumb\",\"itemListElement\":[{\"@type\":\"ListItem\",\"position\":1,\"name\":\"Startseite\",\"item\":\"https:\\\/\\\/jmem-holstein.de\\\/startseite\\\/\"},{\"@type\":\"ListItem\",\"position\":2,\"name\":\"Impressum\"}]},{\"@type\":\"WebSite\",\"@id\":\"https:\\\/\\\/jmem-holstein.de\\\/startseite\\\/#website\",\"url\":\"https:\\\/\\\/jmem-holstein.de\\\/startseite\\\/\",\"name\":\"JMEM Oldenburg in Holstein\",\"description\":\"Der JMEM Holstein Verein stellt sich vor und h\u00e4lt dich \u00fcber die Website \u00fcber alle Veranstaltungen auf dem Laufenden.\",\"publisher\":{\"@id\":\"https:\\\/\\\/jmem-holstein.de\\\/startseite\\\/#organization\"},\"potentialAction\":[{\"@type\":\"SearchAction\",\"target\":{\"@type\":\"EntryPoint\",\"urlTemplate\":\"https:\\\/\\\/jmem-holstein.de\\\/startseite\\\/?s={search_term_string}\"},\"query-input\":{\"@type\":\"PropertyValueSpecification\",\"valueRequired\":true,\"valueName\":\"search_term_string\"}}],\"inLanguage\":\"de\"},{\"@type\":\"Organization\",\"@id\":\"https:\\\/\\\/jmem-holstein.de\\\/startseite\\\/#organization\",\"name\":\"Jugend mit einer Mission Holstein in Oldenburg\",\"url\":\"https:\\\/\\\/jmem-holstein.de\\\/startseite\\\/\",\"logo\":{\"@type\":\"ImageObject\",\"inLanguage\":\"de\",\"@id\":\"https:\\\/\\\/jmem-holstein.de\\\/startseite\\\/#\\\/schema\\\/logo\\\/image\\\/\",\"url\":\"https:\\\/\\\/jmem-holstein.de\\\/wp-content\\\/uploads\\\/2022\\\/06\\\/JMEM_Holstein_Logo-2.png\",\"contentUrl\":\"https:\\\/\\\/jmem-holstein.de\\\/wp-content\\\/uploads\\\/2022\\\/06\\\/JMEM_Holstein_Logo-2.png\",\"width\":338,\"height\":103,\"caption\":\"Jugend mit einer Mission Holstein in Oldenburg\"},\"image\":{\"@id\":\"https:\\\/\\\/jmem-holstein.de\\\/startseite\\\/#\\\/schema\\\/logo\\\/image\\\/\"}}]}<\/script>\n<!-- \/ Yoast SEO plugin. -->","yoast_head_json":{"title":"Impressum - JMEM Oldenburg in Holstein","robots":{"index":"index","follow":"follow","max-snippet":"max-snippet:-1","max-image-preview":"max-image-preview:large","max-video-preview":"max-video-preview:-1"},"canonical":"https:\/\/jmem-holstein.de\/startseite\/impressum\/","og_locale":"de_DE","og_type":"article","og_title":"Impressum - JMEM Oldenburg in Holstein","og_description":"Verantwortlich f\u00fcr den Inhalt dieser Seite zeichnet der Vorstand des Vereins Jugend mit einer Mission &#8211; Oldenburg in Holstein e.V.Read more &raquo;","og_url":"https:\/\/jmem-holstein.de\/startseite\/impressum\/","og_site_name":"JMEM Oldenburg in Holstein","article_modified_time":"2022-06-10T21:30:10+00:00","twitter_card":"summary_large_image","twitter_misc":{"Gesch\u00e4tzte Lesezeit":"1\u00a0Minute"},"schema":{"@context":"https:\/\/schema.org","@graph":[{"@type":"WebPage","@id":"https:\/\/jmem-holstein.de\/startseite\/impressum\/","url":"https:\/\/jmem-holstein.de\/startseite\/impressum\/","name":"Impressum - JMEM Oldenburg in Holstein","isPartOf":{"@id":"https:\/\/jmem-holstein.de\/startseite\/#website"},"datePublished":"2022-05-24T10:33:23+00:00","dateModified":"2022-06-10T21:30:10+00:00","breadcrumb":{"@id":"https:\/\/jmem-holstein.de\/startseite\/impressum\/#breadcrumb"},"inLanguage":"de","potentialAction":[{"@type":"ReadAction","target":["https:\/\/jmem-holstein.de\/startseite\/impressum\/"]}]},{"@type":"BreadcrumbList","@id":"https:\/\/jmem-holstein.de\/startseite\/impressum\/#breadcrumb","itemListElement":[{"@type":"ListItem","position":1,"name":"Startseite","item":"https:\/\/jmem-holstein.de\/startseite\/"},{"@type":"ListItem","position":2,"name":"Impressum"}]},{"@type":"WebSite","@id":"https:\/\/jmem-holstein.de\/startseite\/#website","url":"https:\/\/jmem-holstein.de\/startseite\/","name":"JMEM Oldenburg in Holstein","description":"Der JMEM Holstein Verein stellt sich vor und h\u00e4lt dich \u00fcber die Website \u00fcber alle Veranstaltungen auf dem Laufenden.","publisher":{"@id":"https:\/\/jmem-holstein.de\/startseite\/#organization"},"potentialAction":[{"@type":"SearchAction","target":{"@type":"EntryPoint","urlTemplate":"https:\/\/jmem-holstein.de\/startseite\/?s={search_term_string}"},"query-input":{"@type":"PropertyValueSpecification","valueRequired":true,"valueName":"search_term_string"}}],"inLanguage":"de"},{"@type":"Organization","@id":"https:\/\/jmem-holstein.de\/startseite\/#organization","name":"Jugend mit einer Mission Holstein in Oldenburg","url":"https:\/\/jmem-holstein.de\/startseite\/","logo":{"@type":"ImageObject","inLanguage":"de","@id":"https:\/\/jmem-holstein.de\/startseite\/#\/schema\/logo\/image\/","url":"https:\/\/jmem-holstein.de\/wp-content\/uploads\/2022\/06\/JMEM_Holstein_Logo-2.png","contentUrl":"https:\/\/jmem-holstein.de\/wp-content\/uploads\/2022\/06\/JMEM_Holstein_Logo-2.png","width":338,"height":103,"caption":"Jugend mit einer Mission Holstein in Oldenburg"},"image":{"@id":"https:\/\/jmem-holstein.de\/startseite\/#\/schema\/logo\/image\/"}}]}},"_links":{"self":[{"href":"https:\/\/jmem-holstein.de\/startseite\/wp-json\/wp\/v2\/pages\/277","targetHints":{"allow":["GET"]}}],"collection":[{"href":"https:\/\/jmem-holstein.de\/startseite\/wp-json\/wp\/v2\/pages"}],"about":[{"href":"https:\/\/jmem-holstein.de\/startseite\/wp-json\/wp\/v2\/types\/page"}],"author":[{"embeddable":true,"href":"https:\/\/jmem-holstein.de\/startseite\/wp-json\/wp\/v2\/users\/1"}],"replies":[{"embeddable":true,"href":"https:\/\/jmem-holstein.de\/startseite\/wp-json\/wp\/v2\/comments?post=277"}],"version-history":[{"count":2,"href":"https:\/\/jmem-holstein.de\/startseite\/wp-json\/wp\/v2\/pages\/277\/revisions"}],"predecessor-version":[{"id":279,"href":"https:\/\/jmem-holstein.de\/startseite\/wp-json\/wp\/v2\/pages\/277\/revisions\/279"}],"wp:attachment":[{"href":"https:\/\/jmem-holstein.de\/startseite\/wp-json\/wp\/v2\/media?parent=277"}],"curies":[{"name":"wp","href":"https:\/\/api.w.org\/{rel}","templated":true}]}}